= 2*v**2 - 11*v + 3. Calculate c(6).
9
Let x(j) = 2*j**2 - 26*j - 57. Determine x(15).
3
Let n(z) = -6*z - 21. Calculate n(-5).
9
Let f(g) = g**3 - 3*g**2 + 4*g - 2. Determine f(2).
2
Let t(x) = -54*x - 7. Determine t(-3).
155
Let w(x) = -x**3 - 8*x**2 - 11*x - 22. Give w(-9).
158
Let s(z) = -2*z**2 - 35*z - 9. Calculate s(-17).
8
Let c(w) = 5*w + 13. What is c(8)?
53
Let g(o) = 6*o + 10. What is g(9)?
64
Let b(p) = -2*p**3 + 3*p**2 - 3*p + 1. What is b(1)?
-1
Let p(t) = -t**3 + 6*t**2 - 4*t + 7. What is p(5)?
12
Let x(m) = -m**3 - 15*m**2 + 16*m - 10. Determine x(-16).
-10
Let c(h) = h**3 + 21*h**2 + 24*h + 48. What is c(-20)?
-32
Let b(o) = -o**2 - 12*o - 18. Calculate b(-11).
-7
Let y(d) = -d**2 - d + 1. Determine y(-5).
-19
Let h(p) = 4*p**2 - 2*p - 4. What is h(-2)?
16
Let o(b) = -b**3 + 6*b**2 - 10*b + 26. Calculate o(5).
1
Let v(o) = 3*o + 78. Calculate v(-25).
3
Let x(c) = -11*c + 44. Give x(3).
11
Let g(p) = p**2 - 3*p + 2. Give g(8).
42
Let c(j) = -3*j**3 - 11*j**2 + 17*j. Calculate c(-5).
15
Let j(i) = 3*i**2 - 4*i - 1. Calculate j(3).
14
Let f(i) = -i**3 - 6*i**2 + 7*i + 4. What is f(-7)?
4
Let g(x) = -17*x - 3. Give g(-3).
48
Let o(r) = 6*r + 98. Calculate o(-19).
-16
Let s(j) = j**2 + 7*j - 16. Determine s(-8).
-8
Let d(q) = -2*q**3 - 26*q**2 - 26*q - 30. Give d(-12).
-6
Let v(c) = c**3 - 3*c**2 - 10*c - 7. What is v(5)?
-7
Let k(h) = -2*h**3 + 7*h**2 + 23*h - 87. Calculate k(4).
-11
Let q(h) = -h - 3. Determine q(6).
-9
Let b(w) = -7*w - 1. Calculate b(1).
-8
Let l(t) = 9*t**3 + t**2 - 1. Determine l(-1).
-9
Let v(q) = 2*q**2 - 12*q + 24. Calculate v(4).
8
Let d(f) = f**2 - 38*f + 70. What is d(37)?
33
Let r(y) = y**3 + 9*y**2 - 3*y + 2. Determine r(-10).
-68
Let j(o) = 2*o**2 - 19*o - 27. Determine j(11).
6
Let c(v) = -v**3 + 10*v**2 - 8*v - 3. What is c(9)?
6
Let m(v) = 2*v + 13. Calculate m(25).
63
Let u(l) = 4*l**2 - 9*l + 5. Calculate u(2).
3
Let h(u) = -u**3 - 6*u**2 - 2*u - 6. Calculate h(-6).
6
Let o(c) = -13*c + 184. Give o(14).
2
Let v(f) = -2*f**3 + 3*f**2 - f - 1. Calculate v(2).
-7
Let y(c) = -c**3 + 17*c**2 + 20*c - 25. Determine y(18).
11
Let o(a) = 2*a**3 - 28*a**2 + 62*a + 44. Determine o(11).
0
Let l(j) = j**3 + j**2 + 3*j + 3. What is l(-2)?
-7
Let p(w) = -5*w - 3. Calculate p(1).
-8
Let m(t) = -t**3 - 6*t**2 + 4*t + 30. Determine m(-6).
6
Let u(x) = x**2 - 4. Determine u(-3).
5
Let i(b) = -b**3 + 4*b**2 + 5*b + 2. Give i(4).
22
Let s(w) = -26*w**3 + w**2 - 1. Determine s(-1).
26
Let w(v) = v**2 - v + 19. Calculate w(0).
19
Let q(g) = g**2 - 28*g + 181. Give q(18).
1
Let n(r) = -2*r**3 - r**2 - r. Determine n(-1).
2
Let n(v) = -2*v - 14. Give n(-5).
-4
Let d(y) = y**3 + 13*y**2 - 15*y - 26. Give d(-14).
-12
Let c(t) = -t**2 + 17*t + 32. What is c(18)?
14
Let z(p) = 2*p**2 + 22*p + 8. Calculate z(-10).
-12
Let h(p) = p**3 - 16*p**2 + 13*p + 45. What is h(15)?
15
Let f(v) = -v**3 - 12*v**2 + v + 4. Calculate f(-12).
-8
Let a(x) = -2*x**2 + 63*x - 33. Give a(31).
-2
Let k(r) = 3*r - 5. Determine k(-4).
-17
Let v(o) = -o**2 - 6*o - 9. Calculate v(-6).
-9
Let a(l) = 6*l - 52. Calculate a(10).
8
Let y(u) = u + 3. Give y(0).
3
Let w(v) = -v**3 - 16*v**2 - v + 25. What is w(-16)?
41
Let b(o) = -7*o - 3. Determine b(-2).
11
Let z(w) = 3*w + 145. Give z(-42).
19
Let b(h) = 8*h - 59. What is b(7)?
-3
Let q(n) = 2*n**3 + 10*n**2 - 22*n - 12. Calculate q(-7).
-54
Let z(a) = -3*a**2 - 36*a - 5. Calculate z(-12).
-5
Let l(f) = -13*f - 43. What is l(-4)?
9
Let v(o) = 5*o + 3. Determine v(-3).
-12
Let z(i) = 38*i**2 + 2*i + 1. Give z(-1).
37
Let g(j) = 2*j**2 - j - 9. Give g(4).
19
Let l(s) = s**2 - 15*s - 37. Give l(17).
-3
Let k(r) = -2*r**2 - 10*r - 7. Give k(-4).
1
Let m(a) = -a**2 - 8*a + 1. Calculate m(-9).
-8
Let k(z) = z**3 - 3*z**2 - 2*z + 9. Determine k(4).
17
Let l(u) = 6*u**2 + 26*u - 14. Calculate l(-6).
46
Let v(o) = o - 6. Calculate v(-2).
-8
Let l(d) = d**3 + 3*d**2 - 19*d - 4. Give l(-6).
2
Let v(s) = -4*s - 7. Give v(-2).
1
Let a(u) = u**3 - 7*u**2 - 9. Calculate a(5).
-59
Let m(f) = -f**2 - 7*f + 13. Determine m(-6).
19
Let s(g) = -3*g + 5. Calculate s(-9).
32
Let r(x) = 2*x**3 - x - 1. Give r(2).
13
Let q(a) = -4*a - 3. Determine q(3).
-15
Let k(q) = q**3 + 8*q**2 - 2*q - 16. Determine k(-8).
0
Let w(o) = o + 3. Give w(-8).
-5
Let n(b) = -15*b + 131. Determine n(9).
-4
Let v(n) = -2*n + 14. Determine v(-11).
36
Let g(l) = 12*l + 257. Give g(-22).
-7
Let m(k) = 8*k - 93. Give m(11).
-5
Let k(h) = -h**3 + 8*h**2 - 2*h + 9. What is k(8)?
-7
Let s(m) = 4*m - 83. Calculate s(25).
17
Let c(f) = f + 21. Determine c(5).
26
Let o(z) = -3*z**2 - 72*z - 63. Determine o(-23).
6
Let s(t) = -18*t + 11. Give s(2).
-25
Let b(w) = -w - 40. Calculate b(-26).
-14
Let q(c) = c**2 + 31*c + 76. Determine q(-26).
-54
Let b(k) = k**3 + 31*k**2 + 33*k + 73. Calculate b(-30).
-17
Let x(g) = 10*g - 21. Calculate x(-5).
-71
Let z(k) = -2*k**3 - 3*k**2 - 3*k - 5. What is z(-2)?
5
Let p(m) = -m**3 + 6*m**2 + 3*m + 6. Give p(7).
-22
Let v(a) = -a + 2. Calculate v(-8).
10
Let z(j) = j**2 - 5*j + 4. Determine z(2).
-2
Let b(c) = -c**2 - 2*c - 5. What is b(-4)?
-13
Let x(p) = -7*p + 118. Give x(17).
-1
Let l(a) = 6*a + 18. What is l(3)?
36
Let h(j) = j**3 + 5*j**2 - 2*j + 2. Calculate h(-5).
12
Let g(b) = 3*b**3 - 6*b**2 - 4*b. Determine g(3).
15
Let d(x) = x - 1. Calculate d(13).
12
Let h(k) = -k**3 - 5*k**2 + 13*k - 10. Give h(-7).
-3
Let p(o) = -o + 15. Determine p(4).
11
Let l(w) = -4*w + 27. Give l(27).
-81
Let q(k) = -2*k - 7. Determine q(-3).
-1
Let h(d) = d + 11. What is h(-14)?
-3
Let j(b) = 3*b**3 - 20*b**2 - 5*b + 9. Calculate j(7).
23
Let r(t) = t**2 - 4*t - 60. What is r(0)?
-60
Let o(i) = -i**3 + 5*i**2 + 10*i. Calculate o(6).
24
Let d(w) = -5*w - 3. What is d(3)?
-18
Let x(l) = -l + 20. Determine x(8).
12
Let o(t) = t**3 + 7*t**2 - 5*t. Calculate o(-8).
-24
Let q(k) = -k**2 + 5*k - 9. Calculate q(3).
-3
Let y(z) = -z**3 - 4*z**2 + 16*z + 26. Determine y(-6).
2
Let c(h) = -66*h + 134. Give c(2).
2
Let j(d) = 2*d + 3. Determine j(-4).
-5
Let h(t) = t**3 + 20*t**2 - 24*t - 42. Determine h(-21).
21
Let x(j) = 11*j**2 - 10. Give x(-3).
89
Let o(j) = 2*j - 53. Determine o(29).
5
Let n(b) = -3*b**2 + 7*b - 6. Give n(1).
-2
Let c(a) = -12*a + 26. What is c(9)?
-82
Let o(l) = -11*l + 9. Give o(5).
-46
Let d(g) = -g**2 + 18*g - 6. What is d(0)?
-6
Let x(o) = -2*o**2 - 22*o + 9. Give x(-12).
-15
Let o(n) = -n**2 - 13*n - 12. Calculate o(-13).
-12
Let b(h) = h**3 - 4*h**2 + 2*h - 4. Give b(5).
31
Let m(g) = -3*g - 8. Determine m(-7).
13
Let r(f) = f**2 - 4*f + 2. Determine r(4).
2
Let d(n) = -n**3 + 5*n**2 + 16*n - 15. What is d(7)?
-1
Let h(q) = -2*q**2 - 14*q + 3. Determine h(-6).
15
Let y(h) = h**2 + h - 4. Give y(3).
8
Let q(s) = 3*s**3 - s**2 + 1. Calculate q(2).
21
Let q(k) = -k**3 + 12*k**2 + 9*k - 1. Calculate q(13).
-53
Let n(r) = r**3 - 14*r**2 + 43*r - 1. Calculate n(10).
29
Let t(r) = -47*r - 47. Give t(-1).
0
Let s(o) = -o**3 + 8*o**2 - 3*o + 74. Calculate s(9).
-34
Let l(q) = 19*q**2 - 2*q - 1. Calculate l(-1).
20
Let p(c) = c**3 + 12*c**2 + c + 5. What is p(-12)?
-7
Let m(j) = 6*j**2 - 2*j. Determine m(2).
20
Let u(z) = -18*z - 174. Give u(-10).
6
Let v(x) = -x**3 + 4*x**2 + 15*x + 20. Give v(7).
-22
Let u(o) = o - 42. Determine u(18).
-24
Let s(t) = -t**3 + t**2 - 7*t - 4. Calculate s(0).
-4
Let d(l) = -7*l - 125. Calculate d(-17).
-6
Let f(m) = -3*m**2 + 5*m + 6. Determine f(-2).
-16
Let x(n) = n**2 + 71*n + 1173. Give x(-26).
3
Let c(b) = 8*b - 2. Determine c(-3).
-26
Let t(x) = x**3 - 8*x**2 - 2*x + 14. Determine t(8).
-2
Let f(t) = -t**2 + 25*t - 51. What is f(24)?
-27
Let i(u) = -u**3 - 13*u**2 - 13*u - 6. Determine i(-12).
6
Let n(f) = 3*f**2 + 14*f - 26. What is n(-7)?
23
Let p(y) = -y + 23. Determine p(9).
14
Let o(v) = -v**3 + 3*v**2 + 19*v - 4. Calculate o(6).
2
Let b(d) = -d + 24. Determine b(12).
12
Let b(j) = j**3 + 8*j**2 + j - 9. What is b(-7)?
33
Let a(r) = r**2 + 16*r - 2. Calculate a(-16).
-2
Let g(w) = -42*w + 15. What is g(0)?
15
Let d(o) = o**3 - o**2 - 13*o + 30. What is d(3)?
9
Let i(k) = k - 1. Determine i(-7).
-8
Let v(x) = -91*x - 13. Calculate v(-1).
78
Let q(b) = b**2 - 28*b + 198. Determine q(14).
2
Let y(m) = -m**2 + 7*m + 8. Calculate y(9).
-10
Let z(p) = 12*p - 36. Calculate z(12).
108